{"id":184,"date":"2024-02-10T20:50:51","date_gmt":"2024-02-10T20:50:51","guid":{"rendered":"https:\/\/solargi.net\/?page_id=184"},"modified":"2024-02-10T20:50:51","modified_gmt":"2024-02-10T20:50:51","slug":"nosotros","status":"publish","type":"page","link":"https:\/\/solargi.net\/index.php\/nosotros\/","title":{"rendered":"Nosotros"},"content":{"rendered":"\n<div class=\"wp-block-group alignfull has-global-padding is-layout-constrained wp-container-core-group-is-layout-3dbe3a9a wp-block-group-is-layout-constrained\" style=\"min-height:660px;margin-top:var(--wp--preset--spacing--large);margin-bottom:var(--wp--preset--spacing--large)\">\n<div class=\"wp-block-columns alignfull is-layout-flex wp-container-core-columns-is-layout-28f84493 wp-block-columns-is-layout-flex\">\n<div class=\"wp-block-column is-layout-flow wp-block-column-is-layout-flow\" style=\"flex-basis:50%\">\n<div class=\"wp-block-cover is-light\" style=\"min-height:600px;aspect-ratio:unset;\"><span aria-hidden=\"true\" class=\"wp-block-cover__background has-background-dim-100 has-background-dim\" style=\"background-color:#f6f6f6\"><\/span><div class=\"wp-block-cover__inner-container is-layout-flow wp-block-cover-is-layout-flow\">\n<figure class=\"wp-block-image aligncenter size-full is-resized\"><img loading=\"lazy\" decoding=\"async\" width=\"2560\" height=\"1707\" src=\"https:\/\/solargi.net\/wp-content\/uploads\/2024\/02\/lamparas-retro-colgadas-techo-casa-o-cafeteria-moderna-scaled.jpg\" alt=\"\" class=\"wp-image-83\" style=\"width:820px\" srcset=\"https:\/\/solargi.net\/wp-content\/uploads\/2024\/02\/lamparas-retro-colgadas-techo-casa-o-cafeteria-moderna-scaled.jpg 2560w, https:\/\/solargi.net\/wp-content\/uploads\/2024\/02\/lamparas-retro-colgadas-techo-casa-o-cafeteria-moderna-300x200.jpg 300w, https:\/\/solargi.net\/wp-content\/uploads\/2024\/02\/lamparas-retro-colgadas-techo-casa-o-cafeteria-moderna-1024x683.jpg 1024w, https:\/\/solargi.net\/wp-content\/uploads\/2024\/02\/lamparas-retro-colgadas-techo-casa-o-cafeteria-moderna-768x512.jpg 768w, https:\/\/solargi.net\/wp-content\/uploads\/2024\/02\/lamparas-retro-colgadas-techo-casa-o-cafeteria-moderna-1536x1024.jpg 1536w, https:\/\/solargi.net\/wp-content\/uploads\/2024\/02\/lamparas-retro-colgadas-techo-casa-o-cafeteria-moderna-2048x1365.jpg 2048w\" sizes=\"auto, (max-width: 2560px) 100vw, 2560px\" \/><\/figure>\n<\/div><\/div>\n<\/div>\n\n\n\n<div class=\"wp-block-column is-vertically-aligned-center is-layout-flow wp-block-column-is-layout-flow\" style=\"padding-top:1em;padding-right:1em;padding-bottom:1em;padding-left:1em\">\n<div class=\"wp-block-columns is-layout-flex wp-container-core-columns-is-layout-28f84493 wp-block-columns-is-layout-flex\">\n<div class=\"wp-block-column is-layout-flow wp-block-column-is-layout-flow\" style=\"flex-basis:320px\">\n<p class=\"has-medium-font-size\" style=\"line-height:1.6\">SOLAR ILUMINACI\u00d3N Y CONSTRUCCI\u00d3N.<\/p>\n\n\n\n<p class=\"has-base-font-size\" style=\"line-height:1.6\"> Empresa 100% Mexicana fundada en la ciudad de Mazatl\u00e1n, Sinaloa con una gran experiencia en proyectos de iluminaci\u00f3n y material el\u00e9ctrico.<\/p>\n<\/div>\n<\/div>\n<\/div>\n<\/div>\n<\/div>\n\n\n\n<div class=\"wp-block-group has-global-padding is-layout-constrained wp-block-group-is-layout-constrained\" style=\"min-height:100px;margin-top:var(--wp--preset--spacing--large);margin-bottom:var(--wp--preset--spacing--large)\">\n<h3 class=\"wp-block-heading has-text-align-center\" id=\"we-re-a-studio-in-berlin-with-an-international-practice-in-architecture-urban-planning-and-interior-design-we-believe-in-sharing-knowledge-and-promoting-dialogue-to-increase-the-creative-potential-of-collaboration\" style=\"font-size:clamp(14.082px, 0.88rem + ((1vw - 3.2px) * 0.786), 21px);line-height:1.1\">We&#8217;re a studio in Berlin with an international practice in architecture, urban planning and interior design. We believe in sharing knowledge and promoting dialogue to increase the creative potential of collaboration.<\/h3>\n<\/div>\n\n\n\n<div class=\"wp-block-group has-global-padding is-layout-constrained wp-block-group-is-layout-constrained\">\n<div class=\"wp-block-media-text has-media-on-the-right is-stacked-on-mobile is-image-fill\" style=\"padding-top:0;padding-bottom:0\"><div class=\"wp-block-media-text__content\">\n<p>Lorem ipsum dolor sit amet consectetur adipiscing elit leo, nulla condimentum sollicitudin parturient at volutpat et per, posuere quisque rhoncus torquent dignissim sociosqu quis augue, dui senectus elementum penatibus mollis nibh curae. <\/p>\n\n\n\n<p>Lorem ipsum dolor sit amet consectetur adipiscing elit leo, nulla condimentum sollicitudin parturient at volutpat et per, posuere quisque rhoncus torquent dignissim sociosqu quis augue, dui senectus elementum penatibus mollis nibh curae. <\/p>\n\n\n\n<p>Cursus habitasse penatibus interdum cum quis porta feugiat consequat, varius id proin ultrices nullam nunc urna vehicula, nostra bibendum quisque eleifend integer massa magnis. <\/p>\n<\/div><figure class=\"wp-block-media-text__media\" style=\"background-image:url(http:\/\/solargi.net\/wp-content\/uploads\/2024\/02\/gran-almacen-luz-brillante-que-entra-puerta-1024x683.jpg);background-position:50% 50%\"><img loading=\"lazy\" decoding=\"async\" width=\"1024\" height=\"683\" src=\"http:\/\/solargi.net\/wp-content\/uploads\/2024\/02\/gran-almacen-luz-brillante-que-entra-puerta-1024x683.jpg\" alt=\"\" class=\"wp-image-185 size-full\" srcset=\"https:\/\/solargi.net\/wp-content\/uploads\/2024\/02\/gran-almacen-luz-brillante-que-entra-puerta-1024x683.jpg 1024w, https:\/\/solargi.net\/wp-content\/uploads\/2024\/02\/gran-almacen-luz-brillante-que-entra-puerta-300x200.jpg 300w, https:\/\/solargi.net\/wp-content\/uploads\/2024\/02\/gran-almacen-luz-brillante-que-entra-puerta-768x512.jpg 768w, https:\/\/solargi.net\/wp-content\/uploads\/2024\/02\/gran-almacen-luz-brillante-que-entra-puerta-1536x1024.jpg 1536w, https:\/\/solargi.net\/wp-content\/uploads\/2024\/02\/gran-almacen-luz-brillante-que-entra-puerta-2048x1365.jpg 2048w, https:\/\/solargi.net\/wp-content\/uploads\/2024\/02\/gran-almacen-luz-brillante-que-entra-puerta-1320x880.jpg 1320w, https:\/\/solargi.net\/wp-content\/uploads\/2024\/02\/gran-almacen-luz-brillante-que-entra-puerta-600x400.jpg 600w\" sizes=\"auto, (max-width: 1024px) 100vw, 1024px\" \/><\/figure><\/div>\n<\/div>\n\n\n\n<div class=\"wp-block-group has-global-padding is-layout-constrained wp-block-group-is-layout-constrained\"><div class=\"wp-block-jetpack-contact-form is-layout-flex wp-container-jetpack-contact-form-is-layout-b7ed9015 wp-block-jetpack-contact-form-is-layout-flex\"><a href=\"https:\/\/solargi.net\/index.php\/nosotros\/\" target=\"_blank\" rel=\"noopener noreferrer\">Env\u00eda un formulario.<\/a><\/div><\/div>\n","protected":false},"excerpt":{"rendered":"<p>SOLAR ILUMINACI\u00d3N Y CONSTRUCCI\u00d3N. Empresa 100% Mexicana fundada en la ciudad de Mazatl\u00e1n, Sinaloa con una gran experiencia en proyectos de iluminaci\u00f3n y material el\u00e9ctrico. We&#8217;re a studio in Berlin with an international practice in architecture, urban planning and interior design. We believe in sharing knowledge and promoting dialogue to increase the creative potential of [&hellip;]<\/p>\n","protected":false},"author":2,"featured_media":0,"parent":0,"menu_order":0,"comment_status":"closed","ping_status":"closed","template":"","meta":{"footnotes":""},"class_list":["post-184","page","type-page","status-publish","hentry"],"jetpack_sharing_enabled":true,"_links":{"self":[{"href":"https:\/\/solargi.net\/index.php\/wp-json\/wp\/v2\/pages\/184","targetHints":{"allow":["GET"]}}],"collection":[{"href":"https:\/\/solargi.net\/index.php\/wp-json\/wp\/v2\/pages"}],"about":[{"href":"https:\/\/solargi.net\/index.php\/wp-json\/wp\/v2\/types\/page"}],"author":[{"embeddable":true,"href":"https:\/\/solargi.net\/index.php\/wp-json\/wp\/v2\/users\/2"}],"replies":[{"embeddable":true,"href":"https:\/\/solargi.net\/index.php\/wp-json\/wp\/v2\/comments?post=184"}],"version-history":[{"count":22,"href":"https:\/\/solargi.net\/index.php\/wp-json\/wp\/v2\/pages\/184\/revisions"}],"predecessor-version":[{"id":210,"href":"https:\/\/solargi.net\/index.php\/wp-json\/wp\/v2\/pages\/184\/revisions\/210"}],"wp:attachment":[{"href":"https:\/\/solargi.net\/index.php\/wp-json\/wp\/v2\/media?parent=184"}],"curies":[{"name":"wp","href":"https:\/\/api.w.org\/{rel}","templated":true}]}}

<div class="wp-block-group alignfull has-global-padding is-layout-constrained wp-container-core-group-is-layout-3dbe3a9a wp-block-group-is-layout-constrained" style="min-height:660px;margin-top:var(--wp--preset--spacing--large);margin-bottom:var(--wp--preset--spacing--large)">
<div class="wp-block-columns alignfull is-layout-flex wp-container-core-columns-is-layout-28f84493 wp-block-columns-is-layout-flex">
<div class="wp-block-column is-layout-flow wp-block-column-is-layout-flow" style="flex-basis:50%">
<div class="wp-block-cover is-light" style="min-height:600px;aspect-ratio:unset;"><span aria-hidden="true" class="wp-block-cover__background has-background-dim-100 has-background-dim" style="background-color:#f6f6f6"></span><div class="wp-block-cover__inner-container is-layout-flow wp-block-cover-is-layout-flow">
<figure class="wp-block-image aligncenter size-full is-resized"><img loading="lazy" decoding="async" width="2560" height="1707" src="https://solargi.net/wp-content/uploads/2024/02/lamparas-retro-colgadas-techo-casa-o-cafeteria-moderna-scaled.jpg" alt="" class="wp-image-83" style="width:820px" srcset="https://solargi.net/wp-content/uploads/2024/02/lamparas-retro-colgadas-techo-casa-o-cafeteria-moderna-scaled.jpg 2560w, https://solargi.net/wp-content/uploads/2024/02/lamparas-retro-colgadas-techo-casa-o-cafeteria-moderna-300x200.jpg 300w, https://solargi.net/wp-content/uploads/2024/02/lamparas-retro-colgadas-techo-casa-o-cafeteria-moderna-1024x683.jpg 1024w, https://solargi.net/wp-content/uploads/2024/02/lamparas-retro-colgadas-techo-casa-o-cafeteria-moderna-768x512.jpg 768w, https://solargi.net/wp-content/uploads/2024/02/lamparas-retro-colgadas-techo-casa-o-cafeteria-moderna-1536x1024.jpg 1536w, https://solargi.net/wp-content/uploads/2024/02/lamparas-retro-colgadas-techo-casa-o-cafeteria-moderna-2048x1365.jpg 2048w" sizes="auto, (max-width: 2560px) 100vw, 2560px" /></figure>
</div></div>
</div>



<div class="wp-block-column is-vertically-aligned-center is-layout-flow wp-block-column-is-layout-flow" style="padding-top:1em;padding-right:1em;padding-bottom:1em;padding-left:1em">
<div class="wp-block-columns is-layout-flex wp-container-core-columns-is-layout-28f84493 wp-block-columns-is-layout-flex">
<div class="wp-block-column is-layout-flow wp-block-column-is-layout-flow" style="flex-basis:320px">
<p class="has-medium-font-size" style="line-height:1.6">SOLAR ILUMINACIÓN Y CONSTRUCCIÓN.</p>



<p class="has-base-font-size" style="line-height:1.6"> Empresa 100% Mexicana fundada en la ciudad de Mazatlán, Sinaloa con una gran experiencia en proyectos de iluminación y material eléctrico.</p>
</div>
</div>
</div>
</div>
</div>



<div class="wp-block-group has-global-padding is-layout-constrained wp-block-group-is-layout-constrained" style="min-height:100px;margin-top:var(--wp--preset--spacing--large);margin-bottom:var(--wp--preset--spacing--large)">
<h3 class="wp-block-heading has-text-align-center" id="we-re-a-studio-in-berlin-with-an-international-practice-in-architecture-urban-planning-and-interior-design-we-believe-in-sharing-knowledge-and-promoting-dialogue-to-increase-the-creative-potential-of-collaboration" style="font-size:clamp(14.082px, 0.88rem + ((1vw - 3.2px) * 0.786), 21px);line-height:1.1">We&#8217;re a studio in Berlin with an international practice in architecture, urban planning and interior design. We believe in sharing knowledge and promoting dialogue to increase the creative potential of collaboration.</h3>
</div>



<div class="wp-block-group has-global-padding is-layout-constrained wp-block-group-is-layout-constrained">
<div class="wp-block-media-text has-media-on-the-right is-stacked-on-mobile is-image-fill" style="padding-top:0;padding-bottom:0"><div class="wp-block-media-text__content">
<p>Lorem ipsum dolor sit amet consectetur adipiscing elit leo, nulla condimentum sollicitudin parturient at volutpat et per, posuere quisque rhoncus torquent dignissim sociosqu quis augue, dui senectus elementum penatibus mollis nibh curae. </p>



<p>Lorem ipsum dolor sit amet consectetur adipiscing elit leo, nulla condimentum sollicitudin parturient at volutpat et per, posuere quisque rhoncus torquent dignissim sociosqu quis augue, dui senectus elementum penatibus mollis nibh curae. </p>



<p>Cursus habitasse penatibus interdum cum quis porta feugiat consequat, varius id proin ultrices nullam nunc urna vehicula, nostra bibendum quisque eleifend integer massa magnis. </p>
</div><figure class="wp-block-media-text__media" style="background-image:url(http://solargi.net/wp-content/uploads/2024/02/gran-almacen-luz-brillante-que-entra-puerta-1024x683.jpg);background-position:50% 50%"><img loading="lazy" decoding="async" width="1024" height="683" src="http://solargi.net/wp-content/uploads/2024/02/gran-almacen-luz-brillante-que-entra-puerta-1024x683.jpg" alt="" class="wp-image-185 size-full" srcset="https://solargi.net/wp-content/uploads/2024/02/gran-almacen-luz-brillante-que-entra-puerta-1024x683.jpg 1024w, https://solargi.net/wp-content/uploads/2024/02/gran-almacen-luz-brillante-que-entra-puerta-300x200.jpg 300w, https://solargi.net/wp-content/uploads/2024/02/gran-almacen-luz-brillante-que-entra-puerta-768x512.jpg 768w, https://solargi.net/wp-content/uploads/2024/02/gran-almacen-luz-brillante-que-entra-puerta-1536x1024.jpg 1536w, https://solargi.net/wp-content/uploads/2024/02/gran-almacen-luz-brillante-que-entra-puerta-2048x1365.jpg 2048w, https://solargi.net/wp-content/uploads/2024/02/gran-almacen-luz-brillante-que-entra-puerta-1320x880.jpg 1320w, https://solargi.net/wp-content/uploads/2024/02/gran-almacen-luz-brillante-que-entra-puerta-600x400.jpg 600w" sizes="auto, (max-width: 1024px) 100vw, 1024px" /></figure></div>
</div>



<div class="wp-block-group has-global-padding is-layout-constrained wp-block-group-is-layout-constrained"><div class="wp-block-jetpack-contact-form is-layout-flex wp-container-jetpack-contact-form-is-layout-b7ed9015 wp-block-jetpack-contact-form-is-layout-flex"><a href="https://solargi.net/index.php/nosotros/" target="_blank" rel="noopener noreferrer">Envía un formulario.</a></div></div>

<p>SOLAR ILUMINACIÓN Y CONSTRUCCIÓN. Empresa 100% Mexicana fundada en la ciudad de Mazatlán, Sinaloa con una gran experiencia en proyectos de iluminación y material eléctrico. We&#8217;re a studio in Berlin with an international practice in architecture, urban planning and interior design. We believe in sharing knowledge and promoting dialogue to increase the creative potential of [&hellip;]</p>
